{"id":248,"date":"2016-02-24T13:44:15","date_gmt":"2016-02-24T13:44:15","guid":{"rendered":"http:\/\/bridge7.qodeinteractive.com\/?page_id=248"},"modified":"2021-11-09T17:04:44","modified_gmt":"2021-11-09T17:04:44","slug":"home","status":"publish","type":"page","link":"https:\/\/pedrojaviergonzalez.com\/","title":{"rendered":"Inicio"},"content":{"rendered":"<div class=\"wpb-content-wrapper\"><p>[vc_row row_type=\u00bbparallax\u00bb parallax_content_width=\u00bbin_grid\u00bb text_align=\u00bbright\u00bb background_image=\u00bb1739&#8243; full_screen_section_height=\u00bbno\u00bb el_class=\u00bbfila-bio\u00bb][vc_column][qode_elements_holder number_of_columns=\u00bbone_column\u00bb alignment_one_column=\u00bbright\u00bb][qode_elements_holder_item item_padding=\u00bb16% 0 150px 0&#8243; advanced_animations=\u00bbno\u00bb item_padding_1024_1280=\u00bb21% 0 20% 0&#8243; item_padding_768_1024=\u00bb50% 0 47% 0&#8243;][vc_column_text]<\/p>\n<h2 style=\"text-align: right;\">BIOGRAF\u00cdA<\/h2>\n<p>[\/vc_column_text][vc_separator type=\u00bbtransparent\u00bb up=\u00bb15&#8243; down=\u00bb0&#8243;][vc_column_text css=\u00bb.vc_custom_1572508633954{margin-left: 35% !important;}\u00bb]<\/p>\n<p style=\"text-align: right; font-size: 15px; line-height: 20px; margin-bottom: 18px;\">Pedro Javier Gonz\u00e1lez, barcelon\u00e9s templado y preciso, es uno<br \/>\nde los guitarristas y compositores m\u00e1s vers\u00e1tiles de nuestro pa\u00eds.<\/p>\n<p style=\"text-align: right; font-size: 15px; line-height: 20px; margin-bottom: 18px;\">La esencia flamenca de Pedro Javier se influenci\u00f3 directamente<br \/>\nde los maestros Juan Trilla y Antonio Francisco Serra. Albert Cubero<br \/>\ny Sean Levit hicieron lo propio con el jazz y la improvisaci\u00f3n.<\/p>\n<p style=\"text-align: right; font-size: 15px; line-height: 20px; margin-bottom: 18px;\">Ha prestado su calidad a multitud de grupos y artistas de los m\u00e1s variados<br \/>\nestilos y g\u00e9neros musicales: Toti Soler, Feliu Gasull, Victoria de los \u00c1ngeles,<br \/>\nEl \u00faltimo de la fila, Joan Manuel Serrat, Llu\u00eds Llach, Maria del Mar Bonet,<br \/>\nManolo Garc\u00eda, Paco Ortega, M\u00f3nica Molina, Angelo<br \/>\nBranduardi, Roberto Alagna&#8230;<\/p>\n<p style=\"text-align: right; font-size: 15px; line-height: 20px; margin-bottom: 18px;\">Ha compartido cartel y festivales, entre otros, con Paco de Luc\u00eda,<br \/>\nBB King, Johm Mclaughlin, Pat Metheny, Keziah Jones, John Williams,<br \/>\nTommy Emmanuel y Tomatito. Hoy, trece discos le acompa\u00f1an en su proyecto<br \/>\nm\u00e1s particular. Medio mundo ha disfrutado de su elegante reinterpretaci\u00f3n<br \/>\nde los grandes maestros de la guitarra flamenca y de sus arreglos sobre cl\u00e1sicos<br \/>\ndel pop (su versi\u00f3n Sultans of swing ronda el mill\u00f3n y medio de visitas en Youtube).<\/p>\n<p style=\"text-align: right; font-size: 15px; line-height: 20px; margin-bottom: 18px;\">Pedro Javier Gonz\u00e1lez es un guitarrista de referencia. Rusia, Estados Unidos,<br \/>\nInglaterra o\u00a0 Francia han disfrutado de su maestr\u00eda como solista,<br \/>\nacompa\u00f1ado de la Orquesta Nacional de Rusia, la Plainfield Symphony Orchestra<br \/>\no la Orchestra del Teatro Ol\u00edmpico di Vicenza. En otras aventuras, lo hemos<br \/>\ndisfrutado a d\u00fao con el contrabajista Horacio Fumero, con el destacado tr\u00edo de<br \/>\nflamenco-fusi\u00f3n junto Roger Blavia y Toni Terr\u00e9, o el cuarteto que forma con<br \/>\nRa\u00fal Rodr\u00edguez, Trilok Gurtu y Guillem Aguilar.<\/p>\n<p style=\"text-align: right; font-size: 15px; line-height: 20px; margin-bottom: 18px;\">En 2019 publica \u00abBabia\u00bb su \u00faltimo trabajo discogr\u00e1fico.<\/p>\n<p style=\"text-align: right; font-size: 15px; line-height: 20px; margin-bottom: 18px;\">La musicalidad de Pedro Javier Gonz\u00e1lez es amplia, pulcra, sensible,<br \/>\nexigente y firme. Un alegato, en definitiva, al buen gusto.<\/p>\n<p>[\/vc_column_text][vc_separator type=\u00bbtransparent\u00bb up=\u00bb50&#8243; down=\u00bb0&#8243;][\/qode_elements_holder_item][\/qode_elements_holder][\/vc_column][\/vc_row][vc_row css_animation=\u00bb\u00bb row_type=\u00bbrow\u00bb use_row_as_full_screen_section=\u00bbno\u00bb type=\u00bbfull_width\u00bb angled_section=\u00bbno\u00bb text_align=\u00bbleft\u00bb background_image_as_pattern=\u00bbwithout_pattern\u00bb row_negative_margin=\u00bbdisable_negative_margin\u00bb][vc_column][vc_row_inner row_type=\u00bbrow\u00bb type=\u00bbfull_width\u00bb text_align=\u00bbleft\u00bb css_animation=\u00bb\u00bb css=\u00bb.vc_custom_1455799976531{margin-right: -30px !important;margin-left: -30px !important;}\u00bb][vc_column_inner][vc_gallery type=\u00bbimage_grid\u00bb images=\u00bb2726,1005,1070,1773,757,760,763,2729,2731,3094&#8243; img_size=\u00bb640&#215;640&#8243; column_number=\u00bb5&#8243; grayscale=\u00bbno\u00bb images_space=\u00bbgallery_without_space\u00bb][\/vc_column_inner][\/vc_row_inner][\/vc_column][\/vc_row][vc_row css_animation=\u00bb\u00bb row_type=\u00bbrow\u00bb use_row_as_full_screen_section=\u00bbyes\u00bb type=\u00bbgrid\u00bb angled_section=\u00bbno\u00bb text_align=\u00bbleft\u00bb background_image=\u00bb103&#8243; background_image_as_pattern=\u00bbwithout_pattern\u00bb css=\u00bb.vc_custom_1485256574948{background-color: #212121 !important;}\u00bb][vc_column][qode_elements_holder number_of_columns=\u00bbone_column\u00bb][qode_elements_holder_item item_padding=\u00bb12% 0 9% 0&#8243; advanced_animations=\u00bbno\u00bb item_padding_768_1024=\u00bb30% 0 27% 0&#8243;][vc_separator type=\u00bbtransparent\u00bb up=\u00bb0&#8243; down=\u00bb0&#8243;][vc_row_inner row_type=\u00bbrow\u00bb type=\u00bbfull_width\u00bb text_align=\u00bbleft\u00bb css_animation=\u00bb\u00bb][vc_column_inner width=\u00bb1\/3&#8243;][vc_separator type=\u00bbtransparent\u00bb up=\u00bb0&#8243; down=\u00bb0&#8243;][vc_column_text]<\/p>\n<h1 style=\"text-align: center;\"><span style=\"color: #ffffff;\">El Pa\u00eds<\/span><\/h1>\n<p>[\/vc_column_text][vc_separator type=\u00bbtransparent\u00bb][vc_column_text]<\/p>\n<h4 style=\"text-align: center;\"><span style=\"color: #ffffff;\">En el campo del flamenco, las innovaciones de Gonz\u00e1lez acent\u00faan el color respetando las estructuras. As\u00ed, tanto sus alegr\u00edas como sus rumbas, sus sevillanas o sus buler\u00edas respiran sobriedad y, al mismo tiempo, se proyectan con savia nueva. Gonz\u00e1lez bord\u00f3 cada palo exhibiendo un sonido transparente y una digitaci\u00f3n r\u00e1pida y segura.<\/span><\/h4>\n<p>[\/vc_column_text][vc_separator type=\u00bbtransparent\u00bb thickness=\u00bb0&#8243; up=\u00bb40&#8243; down=\u00bb0&#8243;][\/vc_column_inner][vc_column_inner width=\u00bb1\/3&#8243;][vc_separator type=\u00bbtransparent\u00bb up=\u00bb0&#8243; down=\u00bb0&#8243;][vc_column_text]<\/p>\n<h1 style=\"text-align: center;\"><span style=\"color: #ffffff;\">La Vanguardia<\/span><\/h1>\n<p>[\/vc_column_text][vc_separator type=\u00bbtransparent\u00bb][vc_column_text]<\/p>\n<h4 style=\"text-align: center;\"><span style=\"color: #ffffff;\">Pedro Javier es un guitarrista vers\u00e1til, un m\u00fasico con may\u00fasculas y uno de los tocaores flamencos m\u00e1s dotados. Su prodigiosa t\u00e9cnica hace que todo parezca f\u00e1cil y su sensibilidad se transmite a la sonanta logrando un sonido c\u00e1lido y suave. Puro terciopelo. La limpieza de sonido y el virtuosismo, sin una nota oscura,lograron una actuaci\u00f3n de gran nivel.<\/span><\/h4>\n<p>[\/vc_column_text][vc_separator type=\u00bbtransparent\u00bb thickness=\u00bb0&#8243; up=\u00bb40&#8243; down=\u00bb0&#8243;][\/vc_column_inner][vc_column_inner width=\u00bb1\/3&#8243;][vc_separator type=\u00bbtransparent\u00bb up=\u00bb0&#8243; down=\u00bb0&#8243;][vc_column_text]<\/p>\n<h1 style=\"text-align: center;\"><span style=\"color: #ffffff;\">Avui<\/span><\/h1>\n<p>[\/vc_column_text][vc_separator type=\u00bbtransparent\u00bb][vc_column_text]<\/p>\n<h4 style=\"text-align: center;\"><span style=\"color: #ffffff;\">La sociedad que han conseguido establecer Gonz\u00e1lez y Fumero ha engendrado un maravilloso h\u00edbrido en el que la jondura se reviste de fineza y el contorno de las sonoridades adquiere una profundidad inusitada.<\/span><\/h4>\n<p>[\/vc_column_text][vc_separator type=\u00bbtransparent\u00bb thickness=\u00bb0&#8243; up=\u00bb40&#8243; down=\u00bb0&#8243;][\/vc_column_inner][\/vc_row_inner][\/qode_elements_holder_item][\/qode_elements_holder][\/vc_column][\/vc_row][vc_row css_animation=\u00bb\u00bb row_type=\u00bbrow\u00bb use_row_as_full_screen_section=\u00bbno\u00bb type=\u00bbfull_width\u00bb angled_section=\u00bbno\u00bb text_align=\u00bbleft\u00bb background_image_as_pattern=\u00bbwithout_pattern\u00bb][vc_column][vc_column_text][\/vc_column_text][\/vc_column][\/vc_row][vc_row css_animation=\u00bb\u00bb row_type=\u00bbrow\u00bb use_row_as_full_screen_section=\u00bbno\u00bb type=\u00bbfull_width\u00bb angled_section=\u00bbno\u00bb text_align=\u00bbleft\u00bb background_image_as_pattern=\u00bbwithout_pattern\u00bb el_class=\u00bbfilaVideosHome\u00bb][vc_column width=\u00bb1\/3&#8243; el_class=\u00bbcolVideoHome\u00bb]<div class=\"qode_video_box\">\n\t<a itemprop=\"image\" class=\"qode_video_image\" href=\"https:\/\/youtu.be\/gQmTva4M8So\" data-rel=\"prettyPhoto\">\n\t\t\t\t\t<img loading=\"lazy\" decoding=\"async\" width=\"1200\" height=\"800\" src=\"https:\/\/pedrojaviergonzalez.com\/wp-content\/uploads\/2018\/03\/foto_4.jpg\" class=\"attachment-full size-full\" alt=\"\" srcset=\"https:\/\/pedrojaviergonzalez.com\/wp-content\/uploads\/2018\/03\/foto_4.jpg 1200w, https:\/\/pedrojaviergonzalez.com\/wp-content\/uploads\/2018\/03\/foto_4-300x200.jpg 300w, https:\/\/pedrojaviergonzalez.com\/wp-content\/uploads\/2018\/03\/foto_4-768x512.jpg 768w, https:\/\/pedrojaviergonzalez.com\/wp-content\/uploads\/2018\/03\/foto_4-1024x683.jpg 1024w, https:\/\/pedrojaviergonzalez.com\/wp-content\/uploads\/2018\/03\/foto_4-700x467.jpg 700w\" sizes=\"auto, (max-width: 1200px) 100vw, 1200px\" \/>\t\t\t<span class=\"qode_video_box_button_holder\">\n\t\t\t\t<span class=\"qode_video_box_button\">\n\t\t\t\t\t<span class=\"qode_video_box_button_arrow\">\n\t\t\t\t\t<\/span>\n\t\t\t\t<\/span>\n\t\t\t<\/span>\n\t\t\t<\/a>\n<\/div>[\/vc_column][vc_column width=\u00bb1\/3&#8243; el_class=\u00bbcolVideoHome\u00bb]<div class=\"qode_video_box\">\n\t<a itemprop=\"image\" class=\"qode_video_image\" href=\"https:\/\/youtu.be\/06TtLnk8hgY\" data-rel=\"prettyPhoto\">\n\t\t\t\t\t<img loading=\"lazy\" decoding=\"async\" width=\"1024\" height=\"683\" src=\"https:\/\/pedrojaviergonzalez.com\/wp-content\/uploads\/2016\/02\/U9A5427-Web.jpg\" class=\"attachment-full size-full\" alt=\"\" srcset=\"https:\/\/pedrojaviergonzalez.com\/wp-content\/uploads\/2016\/02\/U9A5427-Web.jpg 1024w, https:\/\/pedrojaviergonzalez.com\/wp-content\/uploads\/2016\/02\/U9A5427-Web-300x200.jpg 300w, https:\/\/pedrojaviergonzalez.com\/wp-content\/uploads\/2016\/02\/U9A5427-Web-768x512.jpg 768w, https:\/\/pedrojaviergonzalez.com\/wp-content\/uploads\/2016\/02\/U9A5427-Web-700x467.jpg 700w\" sizes=\"auto, (max-width: 1024px) 100vw, 1024px\" \/>\t\t\t<span class=\"qode_video_box_button_holder\">\n\t\t\t\t<span class=\"qode_video_box_button\">\n\t\t\t\t\t<span class=\"qode_video_box_button_arrow\">\n\t\t\t\t\t<\/span>\n\t\t\t\t<\/span>\n\t\t\t<\/span>\n\t\t\t<\/a>\n<\/div>[\/vc_column][vc_column width=\u00bb1\/3&#8243; el_class=\u00bbcolVideoHome\u00bb]<div class=\"qode_video_box\">\n\t<a itemprop=\"image\" class=\"qode_video_image\" href=\"https:\/\/vimeo.com\/309617637\" data-rel=\"prettyPhoto\">\n\t\t\t\t\t<img loading=\"lazy\" decoding=\"async\" width=\"1024\" height=\"683\" src=\"https:\/\/pedrojaviergonzalez.com\/wp-content\/uploads\/2018\/03\/Duo.jpg\" class=\"attachment-full size-full\" alt=\"\" srcset=\"https:\/\/pedrojaviergonzalez.com\/wp-content\/uploads\/2018\/03\/Duo.jpg 1024w, https:\/\/pedrojaviergonzalez.com\/wp-content\/uploads\/2018\/03\/Duo-300x200.jpg 300w, https:\/\/pedrojaviergonzalez.com\/wp-content\/uploads\/2018\/03\/Duo-768x512.jpg 768w, https:\/\/pedrojaviergonzalez.com\/wp-content\/uploads\/2018\/03\/Duo-700x467.jpg 700w\" sizes=\"auto, (max-width: 1024px) 100vw, 1024px\" \/>\t\t\t<span class=\"qode_video_box_button_holder\">\n\t\t\t\t<span class=\"qode_video_box_button\">\n\t\t\t\t\t<span class=\"qode_video_box_button_arrow\">\n\t\t\t\t\t<\/span>\n\t\t\t\t<\/span>\n\t\t\t<\/span>\n\t\t\t<\/a>\n<\/div>[\/vc_column][\/vc_row][vc_row css_animation=\u00bb\u00bb row_type=\u00bbrow\u00bb use_row_as_full_screen_section=\u00bbno\u00bb type=\u00bbfull_width\u00bb angled_section=\u00bbno\u00bb text_align=\u00bbleft\u00bb background_image_as_pattern=\u00bbwithout_pattern\u00bb el_class=\u00bbfilaVideosHome\u00bb][vc_column width=\u00bb1\/3&#8243; el_class=\u00bbcolVideoHome\u00bb]<div class=\"qode_video_box\">\n\t<a itemprop=\"image\" class=\"qode_video_image\" href=\"https:\/\/www.youtube.com\/watch?v=EFDFpS9_ZWY\" data-rel=\"prettyPhoto\">\n\t\t\t\t\t<img loading=\"lazy\" decoding=\"async\" width=\"955\" height=\"637\" src=\"https:\/\/pedrojaviergonzalez.com\/wp-content\/uploads\/2018\/03\/tommy.jpg\" class=\"attachment-full size-full\" alt=\"\" srcset=\"https:\/\/pedrojaviergonzalez.com\/wp-content\/uploads\/2018\/03\/tommy.jpg 955w, https:\/\/pedrojaviergonzalez.com\/wp-content\/uploads\/2018\/03\/tommy-300x200.jpg 300w, https:\/\/pedrojaviergonzalez.com\/wp-content\/uploads\/2018\/03\/tommy-768x512.jpg 768w, https:\/\/pedrojaviergonzalez.com\/wp-content\/uploads\/2018\/03\/tommy-700x467.jpg 700w\" sizes=\"auto, (max-width: 955px) 100vw, 955px\" \/>\t\t\t<span class=\"qode_video_box_button_holder\">\n\t\t\t\t<span class=\"qode_video_box_button\">\n\t\t\t\t\t<span class=\"qode_video_box_button_arrow\">\n\t\t\t\t\t<\/span>\n\t\t\t\t<\/span>\n\t\t\t<\/span>\n\t\t\t<\/a>\n<\/div>[\/vc_column][vc_column width=\u00bb1\/3&#8243; el_class=\u00bbcolVideoHome\u00bb]<div class=\"qode_video_box\">\n\t<a itemprop=\"image\" class=\"qode_video_image\" href=\"https:\/\/youtu.be\/epcalXPJYHU\" data-rel=\"prettyPhoto\">\n\t\t\t\t\t<img loading=\"lazy\" decoding=\"async\" width=\"955\" height=\"637\" src=\"https:\/\/pedrojaviergonzalez.com\/wp-content\/uploads\/2016\/02\/pjg_palauMusica.png\" class=\"attachment-full size-full\" alt=\"\" srcset=\"https:\/\/pedrojaviergonzalez.com\/wp-content\/uploads\/2016\/02\/pjg_palauMusica.png 955w, https:\/\/pedrojaviergonzalez.com\/wp-content\/uploads\/2016\/02\/pjg_palauMusica-300x200.png 300w, https:\/\/pedrojaviergonzalez.com\/wp-content\/uploads\/2016\/02\/pjg_palauMusica-768x512.png 768w, https:\/\/pedrojaviergonzalez.com\/wp-content\/uploads\/2016\/02\/pjg_palauMusica-700x467.png 700w\" sizes=\"auto, (max-width: 955px) 100vw, 955px\" \/>\t\t\t<span class=\"qode_video_box_button_holder\">\n\t\t\t\t<span class=\"qode_video_box_button\">\n\t\t\t\t\t<span class=\"qode_video_box_button_arrow\">\n\t\t\t\t\t<\/span>\n\t\t\t\t<\/span>\n\t\t\t<\/span>\n\t\t\t<\/a>\n<\/div>[\/vc_column][vc_column width=\u00bb1\/3&#8243; el_class=\u00bbcolVideoHome\u00bb]<div class=\"qode_video_box\">\n\t<a itemprop=\"image\" class=\"qode_video_image\" href=\"https:\/\/www.youtube.com\/watch?v=fjJQLrMpAw8\" data-rel=\"prettyPhoto\">\n\t\t\t\t\t<img loading=\"lazy\" decoding=\"async\" width=\"1024\" height=\"683\" src=\"https:\/\/pedrojaviergonzalez.com\/wp-content\/uploads\/2018\/03\/IMG_0270.jpg\" class=\"attachment-full size-full\" alt=\"\" srcset=\"https:\/\/pedrojaviergonzalez.com\/wp-content\/uploads\/2018\/03\/IMG_0270.jpg 1024w, https:\/\/pedrojaviergonzalez.com\/wp-content\/uploads\/2018\/03\/IMG_0270-300x200.jpg 300w, https:\/\/pedrojaviergonzalez.com\/wp-content\/uploads\/2018\/03\/IMG_0270-768x512.jpg 768w, https:\/\/pedrojaviergonzalez.com\/wp-content\/uploads\/2018\/03\/IMG_0270-700x467.jpg 700w\" sizes=\"auto, (max-width: 1024px) 100vw, 1024px\" \/>\t\t\t<span class=\"qode_video_box_button_holder\">\n\t\t\t\t<span class=\"qode_video_box_button\">\n\t\t\t\t\t<span class=\"qode_video_box_button_arrow\">\n\t\t\t\t\t<\/span>\n\t\t\t\t<\/span>\n\t\t\t<\/span>\n\t\t\t<\/a>\n<\/div>[\/vc_column][\/vc_row]<\/p>\n<\/div>","protected":false},"excerpt":{"rendered":"<p>[vc_row row_type=\u00bbparallax\u00bb parallax_content_width=\u00bbin_grid\u00bb text_align=\u00bbright\u00bb background_image=\u00bb1739&#8243; full_screen_section_height=\u00bbno\u00bb el_class=\u00bbfila-bio\u00bb][vc_column][qode_elements_holder number_of_columns=\u00bbone_column\u00bb alignment_one_column=\u00bbright\u00bb][qode_elements_holder_item item_padding=\u00bb16% 0 150px 0&#8243; advanced_animations=\u00bbno\u00bb item_padding_1024_1280=\u00bb21% 0 20% 0&#8243; item_padding_768_1024=\u00bb50% 0 47% 0&#8243;][vc_column_text] BIOGRAF\u00cdA [\/vc_column_text][vc_separator type=\u00bbtransparent\u00bb up=\u00bb15&#8243; down=\u00bb0&#8243;][vc_column_text css=\u00bb.vc_custom_1572508633954{margin-left: 35% !important;}\u00bb] Pedro Javier Gonz\u00e1lez, barcelon\u00e9s templado y preciso, es uno de los guitarristas y compositores m\u00e1s&#8230;<\/p>\n","protected":false},"author":1,"featured_media":0,"parent":0,"menu_order":0,"comment_status":"closed","ping_status":"closed","template":"full_width.php","meta":{"footnotes":""},"class_list":["post-248","page","type-page","status-publish","hentry"],"yoast_head":"<!-- This site is optimized with the Yoast SEO plugin v26.6 - https:\/\/yoast.com\/wordpress\/plugins\/seo\/ -->\n<title>Inicio - Pedro Javier Gonz\u00e1lez<\/title>\n<meta name=\"robots\" content=\"index, follow, max-snippet:-1, max-image-preview:large, max-video-preview:-1\" \/>\n<link rel=\"canonical\" href=\"https:\/\/pedrojaviergonzalez.com\/\" \/>\n<meta property=\"og:locale\" content=\"es_ES\" \/>\n<meta property=\"og:type\" content=\"article\" \/>\n<meta property=\"og:title\" content=\"Inicio - Pedro Javier Gonz\u00e1lez\" \/>\n<meta property=\"og:description\" content=\"[vc_row row_type=\u00bbparallax\u00bb parallax_content_width=\u00bbin_grid\u00bb text_align=\u00bbright\u00bb background_image=\u00bb1739&#8243; full_screen_section_height=\u00bbno\u00bb el_class=\u00bbfila-bio\u00bb][vc_column][qode_elements_holder number_of_columns=\u00bbone_column\u00bb alignment_one_column=\u00bbright\u00bb][qode_elements_holder_item item_padding=\u00bb16% 0 150px 0&#8243; advanced_animations=\u00bbno\u00bb item_padding_1024_1280=\u00bb21% 0 20% 0&#8243; item_padding_768_1024=\u00bb50% 0 47% 0&#8243;][vc_column_text] BIOGRAF\u00cdA [\/vc_column_text][vc_separator type=\u00bbtransparent\u00bb up=\u00bb15&#8243; down=\u00bb0&#8243;][vc_column_text css=\u00bb.vc_custom_1572508633954{margin-left: 35% !important;}\u00bb] Pedro Javier Gonz\u00e1lez, barcelon\u00e9s templado y preciso, es uno de los guitarristas y compositores m\u00e1s...\" \/>\n<meta property=\"og:url\" content=\"https:\/\/pedrojaviergonzalez.com\/\" \/>\n<meta property=\"og:site_name\" content=\"Pedro Javier Gonz\u00e1lez\" \/>\n<meta property=\"article:publisher\" content=\"https:\/\/www.facebook.com\/pedro.j.gonzalez.568\" \/>\n<meta property=\"article:modified_time\" content=\"2021-11-09T17:04:44+00:00\" \/>\n<meta name=\"twitter:card\" content=\"summary_large_image\" \/>\n<meta name=\"twitter:label1\" content=\"Tiempo de lectura\" \/>\n\t<meta name=\"twitter:data1\" content=\"6 minutos\" \/>\n<script type=\"application\/ld+json\" class=\"yoast-schema-graph\">{\"@context\":\"https:\/\/schema.org\",\"@graph\":[{\"@type\":\"WebPage\",\"@id\":\"https:\/\/pedrojaviergonzalez.com\/\",\"url\":\"https:\/\/pedrojaviergonzalez.com\/\",\"name\":\"Inicio - Pedro Javier Gonz\u00e1lez\",\"isPartOf\":{\"@id\":\"https:\/\/pedrojaviergonzalez.com\/#website\"},\"datePublished\":\"2016-02-24T13:44:15+00:00\",\"dateModified\":\"2021-11-09T17:04:44+00:00\",\"breadcrumb\":{\"@id\":\"https:\/\/pedrojaviergonzalez.com\/#breadcrumb\"},\"inLanguage\":\"es\",\"potentialAction\":[{\"@type\":\"ReadAction\",\"target\":[\"https:\/\/pedrojaviergonzalez.com\/\"]}]},{\"@type\":\"BreadcrumbList\",\"@id\":\"https:\/\/pedrojaviergonzalez.com\/#breadcrumb\",\"itemListElement\":[{\"@type\":\"ListItem\",\"position\":1,\"name\":\"Portada\",\"item\":\"https:\/\/pedrojaviergonzalez.com\/\"},{\"@type\":\"ListItem\",\"position\":2,\"name\":\"Inicio\"}]},{\"@type\":\"WebSite\",\"@id\":\"https:\/\/pedrojaviergonzalez.com\/#website\",\"url\":\"https:\/\/pedrojaviergonzalez.com\/\",\"name\":\"Pedro Javier Gonz\u00e1lez\",\"description\":\"\",\"potentialAction\":[{\"@type\":\"SearchAction\",\"target\":{\"@type\":\"EntryPoint\",\"urlTemplate\":\"https:\/\/pedrojaviergonzalez.com\/?s={search_term_string}\"},\"query-input\":{\"@type\":\"PropertyValueSpecification\",\"valueRequired\":true,\"valueName\":\"search_term_string\"}}],\"inLanguage\":\"es\"}]}<\/script>\n<!-- \/ Yoast SEO plugin. -->","yoast_head_json":{"title":"Inicio - Pedro Javier Gonz\u00e1lez","robots":{"index":"index","follow":"follow","max-snippet":"max-snippet:-1","max-image-preview":"max-image-preview:large","max-video-preview":"max-video-preview:-1"},"canonical":"https:\/\/pedrojaviergonzalez.com\/","og_locale":"es_ES","og_type":"article","og_title":"Inicio - Pedro Javier Gonz\u00e1lez","og_description":"[vc_row row_type=\u00bbparallax\u00bb parallax_content_width=\u00bbin_grid\u00bb text_align=\u00bbright\u00bb background_image=\u00bb1739&#8243; full_screen_section_height=\u00bbno\u00bb el_class=\u00bbfila-bio\u00bb][vc_column][qode_elements_holder number_of_columns=\u00bbone_column\u00bb alignment_one_column=\u00bbright\u00bb][qode_elements_holder_item item_padding=\u00bb16% 0 150px 0&#8243; advanced_animations=\u00bbno\u00bb item_padding_1024_1280=\u00bb21% 0 20% 0&#8243; item_padding_768_1024=\u00bb50% 0 47% 0&#8243;][vc_column_text] BIOGRAF\u00cdA [\/vc_column_text][vc_separator type=\u00bbtransparent\u00bb up=\u00bb15&#8243; down=\u00bb0&#8243;][vc_column_text css=\u00bb.vc_custom_1572508633954{margin-left: 35% !important;}\u00bb] Pedro Javier Gonz\u00e1lez, barcelon\u00e9s templado y preciso, es uno de los guitarristas y compositores m\u00e1s...","og_url":"https:\/\/pedrojaviergonzalez.com\/","og_site_name":"Pedro Javier Gonz\u00e1lez","article_publisher":"https:\/\/www.facebook.com\/pedro.j.gonzalez.568","article_modified_time":"2021-11-09T17:04:44+00:00","twitter_card":"summary_large_image","twitter_misc":{"Tiempo de lectura":"6 minutos"},"schema":{"@context":"https:\/\/schema.org","@graph":[{"@type":"WebPage","@id":"https:\/\/pedrojaviergonzalez.com\/","url":"https:\/\/pedrojaviergonzalez.com\/","name":"Inicio - Pedro Javier Gonz\u00e1lez","isPartOf":{"@id":"https:\/\/pedrojaviergonzalez.com\/#website"},"datePublished":"2016-02-24T13:44:15+00:00","dateModified":"2021-11-09T17:04:44+00:00","breadcrumb":{"@id":"https:\/\/pedrojaviergonzalez.com\/#breadcrumb"},"inLanguage":"es","potentialAction":[{"@type":"ReadAction","target":["https:\/\/pedrojaviergonzalez.com\/"]}]},{"@type":"BreadcrumbList","@id":"https:\/\/pedrojaviergonzalez.com\/#breadcrumb","itemListElement":[{"@type":"ListItem","position":1,"name":"Portada","item":"https:\/\/pedrojaviergonzalez.com\/"},{"@type":"ListItem","position":2,"name":"Inicio"}]},{"@type":"WebSite","@id":"https:\/\/pedrojaviergonzalez.com\/#website","url":"https:\/\/pedrojaviergonzalez.com\/","name":"Pedro Javier Gonz\u00e1lez","description":"","potentialAction":[{"@type":"SearchAction","target":{"@type":"EntryPoint","urlTemplate":"https:\/\/pedrojaviergonzalez.com\/?s={search_term_string}"},"query-input":{"@type":"PropertyValueSpecification","valueRequired":true,"valueName":"search_term_string"}}],"inLanguage":"es"}]}},"_links":{"self":[{"href":"https:\/\/pedrojaviergonzalez.com\/index.php?rest_route=\/wp\/v2\/pages\/248","targetHints":{"allow":["GET"]}}],"collection":[{"href":"https:\/\/pedrojaviergonzalez.com\/index.php?rest_route=\/wp\/v2\/pages"}],"about":[{"href":"https:\/\/pedrojaviergonzalez.com\/index.php?rest_route=\/wp\/v2\/types\/page"}],"author":[{"embeddable":true,"href":"https:\/\/pedrojaviergonzalez.com\/index.php?rest_route=\/wp\/v2\/users\/1"}],"replies":[{"embeddable":true,"href":"https:\/\/pedrojaviergonzalez.com\/index.php?rest_route=%2Fwp%2Fv2%2Fcomments&post=248"}],"version-history":[{"count":154,"href":"https:\/\/pedrojaviergonzalez.com\/index.php?rest_route=\/wp\/v2\/pages\/248\/revisions"}],"predecessor-version":[{"id":3098,"href":"https:\/\/pedrojaviergonzalez.com\/index.php?rest_route=\/wp\/v2\/pages\/248\/revisions\/3098"}],"wp:attachment":[{"href":"https:\/\/pedrojaviergonzalez.com\/index.php?rest_route=%2Fwp%2Fv2%2Fmedia&parent=248"}],"curies":[{"name":"wp","href":"https:\/\/api.w.org\/{rel}","templated":true}]}}